nds digit of 15338?
5
What is the hundred thousands digit of 5573735?
5
What is the hundred thousands digit of 209434?
2
What is the hundreds digit of 16992052?
0
What is the millions digit of 3851652?
3
What is the thousands digit of 3173429?
3
What is the hundreds digit of 37678681?
6
What is the tens digit of 1130990?
9
What is the hundreds digit of 127503?
5
What is the thousands digit of 71111?
1
What is the tens digit of 1350604?
0
What is the hundred thousands digit of 7907766?
9
What is the hundreds digit of 10717100?
1
What is the ten thousands digit of 7178513?
7
What is the hundreds digit of 2029755?
7
What is the units digit of 93204?
4
What is the units digit of 2893697?
7
What is the hundred thousands digit of 13307637?
3
What is the units digit of 196908?
8
What is the units digit of 10205721?
1
What is the hundred thousands digit of 24756976?
7
What is the units digit of 1364839?
9
What is the ten thousands digit of 5478572?
7
What is the tens digit of 26208295?
9
What is the thousands digit of 63312?
3
What is the millions digit of 19039759?
9
What is the millions digit of 4540752?
4
What is the tens digit of 158362?
6
What is the tens digit of 4097976?
7
What is the ten thousands digit of 13905613?
0
What is the units digit of 4246330?
0
What is the tens digit of 6249960?
6
What is the thousands digit of 4635942?
5
What is the millions digit of 25554431?
5
What is the units digit of 5601103?
3
What is the ten thousands digit of 1360578?
6
What is the hundreds digit of 6858826?
8
What is the units digit of 27413602?
2
What is the units digit of 297650?
0
What is the hundred thousands digit of 537259?
5
What is the thousands digit of 29884939?
4
What is the hundred thousands digit of 618272?
6
What is the hundreds digit of 1950908?
9
What is the thousands digit of 7436199?
6
What is the thousands digit of 725638?
5
What is the units digit of 235572?
2
What is the tens digit of 7805203?
0
What is the thousands digit of 1905104?
5
What is the hundreds digit of 3504942?
9
What is the millions digit of 2306758?
2
What is the tens digit of 1357406?
0
What is the tens digit of 3780?
8
What is the millions digit of 25671121?
5
What is the hundred thousands digit of 2602720?
6
What is the units digit of 638315?
5
What is the hundreds digit of 7526229?
2
What is the thousands digit of 8249212?
9
What is the tens digit of 140529?
2
What is the tens digit of 1957007?
0
What is the thousands digit of 45699?
5
What is the ten thousands digit of 7381554?
8
What is the units digit of 9775334?
4
What is the hundreds digit of 140833?
8
What is the ten millions digit of 11725438?
1
What is the hundreds digit of 190146?
1
What is the thousands digit of 8026?
8
What is the millions digit of 1536361?
1
What is the hundred thousands digit of 1225827?
2
What is the thousands digit of 1807018?
7
What is the thousands digit of 724535?
4
What is the millions digit of 5060571?
5
What is the tens digit of 435643?
4
What is the hundreds digit of 611146?
1
What is the hundred thousands digit of 292707?
2
What is the thousands digit of 328656?
8
What is the units digit of 210907?
7
What is the hundreds digit of 6225002?
0
What is the ten thousands digit of 5092419?
9
What is the hundred thousands digit of 279371?
2
What is the hundred thousands digit of 977388?
9
What is the hundreds digit of 1439404?
4
What is the hundred thousands digit of 2248218?
2
What is the ten thousands digit of 15853?
1
What is the thousands digit of 420430?
0
What is the units digit of 120661?
1
What is the tens digit of 8794?
9
What is the hundred thousands digit of 37317667?
3
What is the ten thousands digit of 1383918?
8
What is the units digit of 11714842?
2
What is the tens digit of 44094?
9
What is the thousands digit of 96590?
6
What is the hundred thousands digit of 11495372?
4
What is the ten thousands digit of 9657049?
5
What is the thousands digit of 257114?
7
What is the ten thousands digit of 1578106?
7
What is the thousands digit of 1213255?
3
What is the units digit of 5414895?
5
What is the hundred thousands digit of 193048?
1
What is the units digit of 10202?
2
What is the thousands digit of 7049033?
9
What is the thousands digit of 1052454?
2
What is the tens digit of 1253331?
3
What is the millions digit of 2511549?
2
What is the hundred thousands digit of 100337?
1
What is the ten thousands digit of 78551?
7
What is the ten thousands digit of 17248?
1
What is the thousands digit of 1272286?
2
What is the thousands digit of 9831511?
1
What is the tens digit of 7976959?
5
What is the units digit of 10346226?
6
What is the ten thousands digit of 3155055?
5
What is the tens digit of 470555?
5
What is the thousands digit of 133797?
3
What is the thousands digit of 9025592?
5
What is the tens digit of 27385013?
1
What is the ten thousands digit of 2513928?
1
What is the units digit of 1323599?
9
What is the ten thousands digit of 282258?
8
What is the units digit of 3601619?
9
What is the units digit of 1035853?
3
What is the tens digit of 305747?
4
What is the hundred thousands digit of 5875624?
8
What is the hundreds digit of 104914?
9
What is the ten thousands digit of 4020613?
2
What is the hundreds digit of 3390362?
3
What is the ten thousands digit of 387915?
8
What is the ten thousands digit of 5210998?
1
What is the ten thousands digit of 194838?
9
What is the units digit of 2413832?
2
What is the units digit of 5734020?
0
What is the millions digit of 3289834?
3
What is the ten thousands digit of 881770?
8
What is the units digit of 3270707?
7
What is the millions digit of 1481315?
1
What is the tens digit of 310121?
2
What is the millions digit of 6108409?
6
What is the ten thousands digit of 342927?
4
What is the hundreds digit of 540575?
5
What is the millions digit of 3872956?
3
What is the hundreds digit of 170949?
9
What is the ten thousands digit of 26809254?
0
What is the millions digit of 32759692?
2
What is the thousands digit of 98616?
8
What is the ten thousands digit of 605881?
0
What is the tens digit of 136082?
8
What is the hundred thousands digit of 215812?
2
What is the thousands digit of 270571?
0
What is the ten thousands digit of 1303270?
0
What is the millions digit of 1130231?
1
What is the hundred thousands digit of 425140?
4
What is the thousands digit of 998217?
8
What is the thousands digit of 310235?
0
What is the ten millions digit of 15178404?
1
What is the hundred thousands digit of 824887?
8
What is the thousands digit of 1229846?
9
What is the tens digit of 1661154?
5
What is the hundreds digit of 72217?
2
What is the units digit of 306775?
5
What is the ten thousands digit of 11438433?
3
What is the tens digit of 18316347?
4
What is the hundreds digit of 415207?
2
What is the units digit of 741900?
0
What is the ten millions digit of 17290637?
1
What is the thousands digit of 511992?
1
What is the thousands digit of 783185?
3
What is the thousands digit of 49221?
9
What is the thousands digit of 1688160?
8
What is the tens digit of 630191?
9
What is the tens digit of 3709328?
2
What is the ten thousands digit of 565472?
6
What is the hundreds digit of 5623040?
0
What is the tens digit of 1305706?
0
What is the thousands digit of 254705?
4
What is the units digit of 151921?
1
What is the hundreds digit of 123444?
4
What is the thousands digit of 377854?
7
What is the thousands digit of 259263?
9
What is the units digit of 671977?
7
What is the hundred thousands digit of 352385?
3
What is the hundred thousands digit of 12999051?
9
What is the tens digit of 129625?
2
What is the tens digit of 13993283?
8
What is the units digit of 2347461?
1
What is the hundred thousands digit of 1074731?
0
What is the millions digit of 1413714?
1
What is the tens digit of 20380635?
3
What is the hundreds digit of 163484?
4
What is the hundred thousands digit of 803729?
8
What is the hundreds digit of 302835?
8
What is the ten thousands digit of 1059474?
5
What is the units digit of 89343?
3
What is the thousands digit of 3000703?
0
What is the ten thousands digit of 442547?
4
What is the hundreds digit of 1603265?
2
What is the tens digit of 25006177?
7
What is the ten thousands digit of 3962296?
6
What is the hundreds digit of 119725?
7
W